t common divisor of 125 and 60155950.
25
What is the greatest common divisor of 54 and 15983532?
18
Calculate the greatest common factor of 271104 and 4197876.
4236
What is the greatest common divisor of 1500 and 12485500?
500
Calculate the highest common divisor of 88 and 394216.
8
Calculate the highest common divisor of 209101356 and 12888.
6444
Calculate the greatest common divisor of 1564 and 509061668.
1564
What is the greatest common factor of 162932366 and 2918?
2918
What is the highest common factor of 3644531 and 94710?
451
Calculate the greatest common factor of 64941 and 39.
3
Calculate the greatest common divisor of 639 and 107632308.
213
What is the greatest common divisor of 5038 and 54215750?
458
What is the greatest common divisor of 72 and 21428412?
12
What is the greatest common divisor of 58256 and 6033137?
3641
What is the highest common factor of 296110815 and 1221?
1221
Calculate the greatest common factor of 7012633 and 25275.
337
Calculate the highest common factor of 46886629 and 51.
17
What is the highest common divisor of 25431129 and 558?
279
Calculate the greatest common factor of 10101280 and 515620.
4060
What is the highest common divisor of 4200 and 8576232?
168
Calculate the highest common divisor of 385786 and 135809.
67
Calculate the highest common factor of 39 and 25236510.
39
What is the greatest common factor of 4 and 972657892?
4
What is the highest common factor of 403 and 2769478?
31
Calculate the highest common factor of 109337 and 431365.
31
What is the greatest common divisor of 5502 and 462?
42
Calculate the greatest common divisor of 6225 and 5557425.
75
Calculate the greatest common factor of 129370 and 3145.
85
Calculate the greatest common divisor of 8619 and 2307019.
2873
What is the greatest common factor of 2886916112 and 688?
688
Calculate the greatest common divisor of 801 and 1388846691.
801
Calculate the highest common factor of 4410 and 8007867.
63
Calculate the highest common factor of 1967541003 and 621.
621
What is the greatest common divisor of 1827 and 28451523?
87
Calculate the greatest common factor of 60798907 and 26.
13
What is the greatest common factor of 445675298 and 102?
34
What is the greatest common factor of 250084 and 17603?
607
What is the highest common factor of 328997088 and 7056?
1008
What is the highest common factor of 726 and 2548084?
22
What is the highest common divisor of 9 and 471617490?
3
What is the highest common factor of 147 and 64931811?
147
Calculate the highest common divisor of 3156 and 1452072.
12
What is the greatest common divisor of 96316 and 73447?
121
What is the highest common divisor of 546626 and 94?
2
Calculate the highest common divisor of 107660670 and 26650.
5330
What is the greatest common factor of 2211 and 2313993?
33
Calculate the highest common factor of 9118 and 14938057.
47
What is the highest common divisor of 255 and 4403901?
51
Calculate the greatest common divisor of 153 and 179027.
17
Calculate the highest common factor of 616 and 85863624.
616
What is the greatest common divisor of 18214 and 25963?
7
Calculate the greatest common factor of 272 and 906.
2
Calculate the greatest common divisor of 267737895 and 33935.
3085
What is the greatest common divisor of 70148342 and 836?
418
What is the highest common divisor of 37675 and 148475?
25
Calculate the greatest common divisor of 3780 and 48850620.
420
What is the greatest common divisor of 11457830 and 40?
10
What is the highest common factor of 20687662 and 183?
61
What is the greatest common divisor of 2845056 and 13862?
478
Calculate the greatest common factor of 1694222 and 461290.
326
Calculate the greatest common factor of 2208 and 2126356992.
2208
Calculate the greatest common factor of 208 and 251131504.
208
Calculate the greatest common divisor of 29620875 and 1875.
375
Calculate the highest common divisor of 404300 and 83200.
1300
Calculate the greatest common factor of 213 and 40907076.
213
What is the greatest common factor of 801705248 and 842?
842
Calculate the highest common divisor of 68 and 70976683.
17
Calculate the greatest common factor of 34447760 and 320.
80
Calculate the greatest common divisor of 961 and 382602.
31
What is the highest common factor of 747216 and 108?
36
What is the greatest common factor of 138846 and 18688?
146
What is the greatest common divisor of 494184334 and 21?
7
What is the greatest common divisor of 12107468 and 204?
68
What is the highest common factor of 6482075 and 25?
25
What is the greatest common divisor of 360 and 11630?
10
What is the greatest common divisor of 9920752 and 1312?
16
Calculate the highest common divisor of 1371411 and 810.
81
What is the highest common factor of 182720 and 69091?
571
Calculate the greatest common divisor of 21290632 and 528.
88
Calculate the highest common factor of 22794 and 2570792.
58
What is the highest common divisor of 754 and 226838?
58
Calculate the greatest common divisor of 16 and 32919664.
16
What is the greatest common divisor of 1210501524 and 34?
34
Calculate the highest common factor of 2144058 and 284.
142
What is the greatest common factor of 459482 and 10106?
62
Calculate the highest common factor of 994 and 1101159874.
142
What is the greatest common divisor of 810855 and 405?
45
Calculate the greatest common divisor of 15660 and 18130.
10
Calculate the highest common divisor of 84513 and 119351859.
6501
What is the greatest common factor of 1729322 and 7777?
707
What is the highest common factor of 1057 and 5269598?
151
What is the highest common factor of 84366 and 566037?
981
What is the greatest common factor of 640 and 20616320?
640
What is the greatest common divisor of 4 and 10734044?
4
What is the greatest common divisor of 77958 and 90686809?
4331
Calculate the greatest common divisor of 61370556 and 52.
52
Calculate the greatest common factor of 371470 and 21538.
242
Calculate the highest common factor of 34034 and 1173.
17
What is the greatest common factor of 116742598 and 1127?
49
What is the greatest common factor of 50193 and 699732?
297
Calculate the highest common divisor of 27344244 and 675084.
6684
Calculate the highest common factor of 14002992 and 10716.
564
What is the highest common factor of 144 and 1941639?
3
Calculate the highest common factor of 1916 and 5733151.
479
Calculate the highest common factor of 46892 and 251408.
76
What is the highest common factor of 42 and 1295790?
6
What is the highest common factor of 14387264 and 9024?
3008
What is the greatest common factor of 637864 and 125031?
71
Calculate the highest common divisor of 97732 and 42873.
461
Calculate the greatest common divisor of 177870 and 9156630.
1470
What is the highest common divisor of 160 and 2847800?
40
What is the greatest common factor of 652 and 13000228?
652
Calculate the greatest common factor of 390 and 49611315.
195
Calculate the highest common factor of 169469 and 15481.
137
What is the greatest common divisor of 729973 and 905?
181
What is the highest common divisor of 7090 and 1128728?
1418
Calculate the highest common factor of 102358662 and 12635.
2527
What is the greatest common factor of 200 and 7209492?
4
Calculate the highest common divisor of 575549 and 390.
13
Calculate the greatest common factor of 68 and 7889139.
17
Calculate the greatest common divisor of 9858168 and 234.
18
Calculate the highest common factor of 13935 and 10975206.
2787
Calculate the greatest common divisor of 271 and 109004.
1
Calculate the greatest common divisor of 143854 and 46818.
34
Calculate the highest common factor of 144 and 6901168.
16
What is the greatest common factor of 2739 and 13478287?
83
What is the highest common divisor of 60 and 4249865?
5
What is the highest common factor of 80 and 159913392?
16
What is the highest common factor of 81449 and 370129?
1031
What is the greatest common divisor of 3660 and 1223014620?
3660
What is the highest common factor of 6118 and 1019858?
14
Calculate the greatest common divisor of 1236 and 33846212.
412
What is the highest common factor of 17474919 and 6969?
303
Calculate the greatest common divisor of 1838970 and 560070.
4410
Calculate the highest common divisor of 79844120 and 43.
43
What is the greatest common di